{"id":17,"date":"2025-04-07T16:39:33","date_gmt":"2025-04-07T14:39:33","guid":{"rendered":"http:\/\/esstejidos.com\/?page_id=17"},"modified":"2025-12-25T21:41:22","modified_gmt":"2025-12-25T20:41:22","slug":"mantenimiento","status":"publish","type":"page","link":"https:\/\/esstejidos.com\/","title":{"rendered":"Mantenimiento"},"content":{"rendered":"\n<div class=\"row hide-for-small\"  id=\"row-1503070576\">\n\n\n\t<div class=\"col small-12 large-12\"  >\n\t\t<div class=\"col-inner\" style=\"padding:240px 0px 240px 0px;\" >\n\t\t\t\n\t\t\t\n\n<p style=\"text-align: center;\"><span style=\"color: #282828;\"><strong><span style=\"font-size: 300%;\">Esta P\u00e1gina est\u00e1 en Construcci\u00f3n\u00a0<\/span><\/strong><\/span><\/p>\n<h2 style=\"text-align: center;\"><span style=\"color: #282828;\">Estar\u00e1 Disponible Muy Pronto\u00a0<\/span><\/h2>\n\n\t\t<\/div>\n\t<\/div>\n\n\t\n\n\n<style scope=\"scope\">\n\n<\/style>\n<\/div>\n<div class=\"row show-for-small\"  id=\"row-1332794411\">\n\n\n\t<div class=\"col small-12 large-12\"  >\n\t\t<div class=\"col-inner\" style=\"padding:240px 0px 240px 0px;\" >\n\t\t\t\n\t\t\t\n\n<p style=\"text-align: center;\"><span style=\"color: #282828;\"><strong><span style=\"font-size: 300%;\" data-line-height=\"s\">Esta P\u00e1gina est\u00e1 en Construcci\u00f3n\u00a0<\/span><\/strong><\/span><\/p>\n<h2 style=\"text-align: center;\"><span style=\"color: #282828;\" data-line-height=\"s\">Estar\u00e1 Disponible Muy Pronto\u00a0<\/span><\/h2>\n\n\t\t<\/div>\n\t<\/div>\n\n\t\n\n\n<style scope=\"scope\">\n\n<\/style>\n<\/div>\n\n","protected":false},"excerpt":{"rendered":"","protected":false},"author":1,"featured_media":0,"parent":0,"menu_order":0,"comment_status":"closed","ping_status":"closed","template":"page-blank-landingpage.php","meta":{"footnotes":""},"class_list":["post-17","page","type-page","status-publish","hentry"],"_links":{"self":[{"href":"https:\/\/esstejidos.com\/index.php?rest_route=\/wp\/v2\/pages\/17","targetHints":{"allow":["GET"]}}],"collection":[{"href":"https:\/\/esstejidos.com\/index.php?rest_route=\/wp\/v2\/pages"}],"about":[{"href":"https:\/\/esstejidos.com\/index.php?rest_route=\/wp\/v2\/types\/page"}],"author":[{"embeddable":true,"href":"https:\/\/esstejidos.com\/index.php?rest_route=\/wp\/v2\/users\/1"}],"replies":[{"embeddable":true,"href":"https:\/\/esstejidos.com\/index.php?rest_route=%2Fwp%2Fv2%2Fcomments&post=17"}],"version-history":[{"count":8,"href":"https:\/\/esstejidos.com\/index.php?rest_route=\/wp\/v2\/pages\/17\/revisions"}],"predecessor-version":[{"id":25,"href":"https:\/\/esstejidos.com\/index.php?rest_route=\/wp\/v2\/pages\/17\/revisions\/25"}],"wp:attachment":[{"href":"https:\/\/esstejidos.com\/index.php?rest_route=%2Fwp%2Fv2%2Fmedia&parent=17"}],"curies":[{"name":"wp","href":"https:\/\/api.w.org\/{rel}","templated":true}]}}